he hundred thousands digit of 587253657?
2
What is the units digit of 415282608?
8
What is the ten thousands digit of 74307488?
0
What is the tens digit of 70111951?
5
What is the hundreds digit of 167574976?
9
What is the ten thousands digit of 252801497?
0
What is the hundred thousands digit of 435353571?
3
What is the hundred millions digit of 169577469?
1
What is the ten millions digit of 379561815?
7
What is the ten thousands digit of 116699287?
9
What is the thousands digit of 167742384?
2
What is the ten millions digit of 62920220?
6
What is the tens digit of 24115244?
4
What is the units digit of 650686319?
9
What is the ten thousands digit of 1888069873?
6
What is the thousands digit of 1916653?
6
What is the ten millions digit of 2140405482?
4
What is the hundreds digit of 1676778335?
3
What is the ten thousands digit of 1813911384?
1
What is the units digit of 5750308635?
5
What is the hundred thousands digit of 2098799396?
7
What is the millions digit of 120258343?
0
What is the thousands digit of 137331234?
1
What is the ten millions digit of 14722226?
1
What is the thousands digit of 2977865745?
5
What is the billions digit of 1396240098?
1
What is the hundred thousands digit of 252970864?
9
What is the ten thousands digit of 950819862?
1
What is the hundreds digit of 1391336519?
5
What is the hundred thousands digit of 46300630?
3
What is the units digit of 376819878?
8
What is the thousands digit of 40885321?
5
What is the thousands digit of 1409437244?
7
What is the hundreds digit of 327110938?
9
What is the hundreds digit of 83795364?
3
What is the thousands digit of 2021808?
1
What is the ten millions digit of 42522204?
4
What is the billions digit of 1203671236?
1
What is the hundreds digit of 58271612?
6
What is the hundred thousands digit of 2028548980?
5
What is the tens digit of 14325412?
1
What is the hundred thousands digit of 62754330?
7
What is the hundreds digit of 599159377?
3
What is the ten thousands digit of 38856217?
5
What is the ten thousands digit of 373113602?
1
What is the thousands digit of 46560213?
0
What is the millions digit of 417064124?
7
What is the hundred thousands digit of 117484459?
4
What is the thousands digit of 31082449?
2
What is the ten thousands digit of 862270638?
7
What is the thousands digit of 41040944?
0
What is the ten millions digit of 315060674?
1
What is the hundred thousands digit of 605969577?
9
What is the billions digit of 1915764403?
1
What is the ten millions digit of 1153735538?
5
What is the thousands digit of 842728106?
8
What is the hundreds digit of 38315933?
9
What is the millions digit of 89308817?
9
What is the ten millions digit of 33095276?
3
What is the ten millions digit of 80061398?
8
What is the millions digit of 314591408?
4
What is the thousands digit of 1909186010?
6
What is the ten thousands digit of 169526156?
2
What is the tens digit of 1153354534?
3
What is the hundreds digit of 3931077?
0
What is the tens digit of 13196266?
6
What is the ten millions digit of 159094093?
5
What is the thousands digit of 10497426?
7
What is the tens digit of 11179231?
3
What is the ten thousands digit of 1937388300?
8
What is the millions digit of 102102523?
2
What is the units digit of 48099122?
2
What is the units digit of 457507617?
7
What is the thousands digit of 617496797?
6
What is the hundreds digit of 140833668?
6
What is the ten thousands digit of 64932876?
3
What is the tens digit of 45213366?
6
What is the thousands digit of 40434896?
4
What is the millions digit of 423743512?
3
What is the ten thousands digit of 2358827934?
2
What is the ten millions digit of 293518802?
9
What is the thousands digit of 59821757?
1
What is the thousands digit of 362219149?
9
What is the hundreds digit of 67592463?
4
What is the ten thousands digit of 231824428?
2
What is the tens digit of 78846038?
3
What is the hundreds digit of 180802869?
8
What is the millions digit of 1303933998?
3
What is the units digit of 575639592?
2
What is the hundreds digit of 1695898591?
5
What is the tens digit of 74029747?
4
What is the tens digit of 42056861?
6
What is the hundreds digit of 71967314?
3
What is the units digit of 664991742?
2
What is the ten thousands digit of 175301250?
0
What is the millions digit of 215178229?
5
What is the millions digit of 156390207?
6
What is the ten thousands digit of 181221086?
2
What is the tens digit of 2237088987?
8
What is the ten millions digit of 365486814?
6
What is the ten thousands digit of 4866831916?
3
What is the ten thousands digit of 291530569?
3
What is the ten millions digit of 1189554302?
8
What is the hundred thousands digit of 2888387534?
3
What is the ten millions digit of 72568061?
7
What is the hundreds digit of 590491641?
6
What is the thousands digit of 150655957?
5
What is the ten millions digit of 30280255?
3
What is the tens digit of 105982857?
5
What is the hundred millions digit of 9530292438?
5
What is the hundred thousands digit of 84414430?
4
What is the tens digit of 1157090555?
5
What is the thousands digit of 5135014795?
4
What is the ten thousands digit of 34443514?
4
What is the hundreds digit of 92455296?
2
What is the billions digit of 1585084380?
1
What is the tens digit of 10717347?
4
What is the thousands digit of 5085725?
5
What is the ten millions digit of 12647688?
1
What is the billions digit of 3019704006?
3
What is the ten millions digit of 282284560?
8
What is the hundred thousands digit of 291104535?
1
What is the hundreds digit of 122462897?
8
What is the ten millions digit of 3654856082?
5
What is the tens digit of 618391275?
7
What is the ten thousands digit of 1088774?
8
What is the hundred millions digit of 734971571?
7
What is the ten millions digit of 43304460?
4
What is the hundreds digit of 339594627?
6
What is the billions digit of 4377043150?
4
What is the hundreds digit of 66299104?
1
What is the tens digit of 2619308?
0
What is the ten thousands digit of 396645128?
4
What is the tens digit of 568927219?
1
What is the tens digit of 28822645?
4
What is the ten thousands digit of 53340930?
4
What is the units digit of 178860517?
7
What is the hundred thousands digit of 53834525?
8
What is the millions digit of 19166742?
9
What is the hundred thousands digit of 146911851?
9
What is the hundred thousands digit of 67620460?
6
What is the hundreds digit of 29940179?
1
What is the hundred thousands digit of 764716941?
7
What is the ten thousands digit of 164643093?
4
What is the hundreds digit of 525921990?
9
What is the hundred thousands digit of 12106624?
1
What is the ten millions digit of 34498429?
3
What is the hundred thousands digit of 2783603913?
6
What is the millions digit of 77893267?
7
What is the hundred thousands digit of 369957133?
9
What is the tens digit of 458387621?
2
What is the millions digit of 346067244?
6
What is the millions digit of 261441170?
1
What is the hundred thousands digit of 4252443784?
4
What is the hundred millions digit of 851655069?
8
What is the millions digit of 396855976?
6
What is the hundred millions digit of 289970924?
2
What is the hundreds digit of 43794310?
3
What is the hundreds digit of 1360054975?
9
What is the units digit of 169723682?
2
What is the hundreds digit of 75430871?
8
What is the ten millions digit of 270878866?
7
What is the thousands digit of 35046500?
6
What is the hundreds digit of 915680500?
5
What is the millions digit of 1400099889?
0
What is the tens digit of 283749269?
6
What is the hundred millions digit of 4988900957?
9
What is the millions digit of 33720626?
3
What is the hundreds digit of 5729513303?
3
What is the hundred millions digit of 901677261?
9
What is the millions digit of 207219525?
7
What is the millions digit of 468624728?
8
What is the ten millions digit of 114578342?
1
What is the hundreds digit of 276324756?
7
What is the ten millions digit of 58345061?
5
What is the millions digit of 23856312?
3
What is the ten millions digit of 345356804?
4
What is the thousands digit of 1641841845?
1
What is the hundreds digit of 523694153?
1
What is the hundred thousands digit of 16749035?
7
What is the ten millions digit of 772210171?
7
What is the tens digit of 150309116?
1
What is the thousands digit of 2493989837